{"id":8621,"date":"2024-02-13T15:30:16","date_gmt":"2024-02-13T19:30:16","guid":{"rendered":"https:\/\/panamericanlanguage.com\/?page_id=8621"},"modified":"2024-05-02T10:29:46","modified_gmt":"2024-05-02T14:29:46","slug":"bootcamp","status":"publish","type":"page","link":"https:\/\/panamericanlanguage.com\/es\/bootcamp\/","title":{"rendered":"PC \/ MAC Bootcamp para Verano 2024"},"content":{"rendered":"<p>[vc_section full_width=&#8221;stretch_row&#8221; css=&#8221;.vc_custom_1701374033920{margin-top: 30px !important;padding-top: 50px !important;padding-bottom: 50px !important;background-color: #ffffff !important;}&#8221;][vc_row][vc_column][vc_custom_heading stripe_pos=&#8221;hide&#8221; stm_title_font_weight=&#8221;300&#8243; text=&#8221;PC \/ MAC Bootcamp para Verano 2024&#8243; font_container=&#8221;tag:h2|font_size:54px|text_align:center|line_height:54px&#8221; use_theme_fonts=&#8221;yes&#8221;][vc_column_text]<\/p>\n<h3 style=\"text-align: center;\"><strong>\u00a1Gracias por tu inter\u00e9s en PanAmerican Language!<\/strong><\/h3>\n<p>[\/vc_column_text][\/vc_column][\/vc_row][vc_row full_width=&#8221;stretch_row&#8221; equal_height=&#8221;yes&#8221; content_placement=&#8221;top&#8221; css_animation=&#8221;slideInRight&#8221; css=&#8221;.vc_custom_1668100371793{background-image: url(https:\/\/panamericanlanguage.com\/wp-content\/uploads\/2022\/11\/PANAMARILANGLOGOgris.png?id=7165) !important;}&#8221;][vc_column width=&#8221;1\/2&#8243;][vc_column_text]<\/p>\n<p style=\"font-weight: 400;\">Curso pr\u00e1ctico <strong><em>comenzando el 3 de junio<\/em><\/strong> para que puedas usar tu computadora como nunca antes.\u00a0 Podr\u00e1s maximizar todas las funciones de tu PC o MAC en solo varias semanas.\u00a0 Obtendr\u00e1s las destrezas, la seguridad y la confianza para utilizar el sistema operativo, funciones m\u00e1s comunes y aplicaciones m\u00e1s populares. Podr\u00e1s resolver los problemas m\u00e1s comunes de tu computadora.<\/p>\n<p style=\"font-weight: 400;\"><strong>\u00a1No pidas m\u00e1s ayuda!<\/strong><\/p>\n<p>Nuestros pr\u00f3ximo PC\/MAC Bootcamp est\u00e1 pautado para comenzar en <strong>VERANO 2024\u00a0<\/strong><strong>de manera presencial.\u00a0<\/strong><strong><em>\u00a0<\/em><\/strong>A continuaci\u00f3n encontrar\u00e1s el detalle de las fechas de comienzo, fechas de terminaci\u00f3n, d\u00edas y horario.<\/p>\n<p style=\"font-weight: 400;\"><strong><u>Lunes y Mi\u00e9rcoles (MAC)<\/u><\/strong><\/p>\n<p style=\"font-weight: 400;\"><strong>3 de junio &#8211; 24 de julio<\/strong><u><br \/>\n<\/u>5:30pm \u2013 7pm o 7:10pm \u2013 8:40pm<\/p>\n<p><strong><u>Martes y Jueves (PC)<\/u><\/strong><\/p>\n<p style=\"font-weight: 400;\"><strong>4 de junio \u2013 30 de julio<\/strong><\/p>\n<p style=\"font-weight: 400;\">5:30pm \u2013 7pm o 7:10pm \u2013 8:40pm<\/p>\n<p>[\/vc_column_text][vc_single_image image=&#8221;8643&#8243; img_size=&#8221;large&#8221; alignment=&#8221;center&#8221;][\/vc_column][vc_column width=&#8221;1\/2&#8243;][vc_column_text]El curso tendr\u00e1 parte te\u00f3rica y parte practica. El participante no tendr\u00e1 que traer computadora (PC o MAC) pero podr\u00e1 traerla si as\u00ed lo desea.<\/p>\n<p>Los temas m\u00e1s importante a cubrir ser\u00e1n:<\/p>\n<ul>\n<li>Hardware: Monitor, Mouse o Trackpad \/ Keyboard \/ USB-C<\/li>\n<li>iCloud: Como funciona la nube \/ como subscribirte \/ funciones \/ ventajas<\/li>\n<li>Sistema Operativo: Desktop \/ Gestures \/ Shortcuts \/ actualizaciones (Updates)<\/li>\n<li>Conexiones: Internet \/ WiFi \/ Bluetooth<\/li>\n<li>Redes Sociales: Seguridad \/ robo identidad \/ privacidad \/ mensajer\u00eda<\/li>\n<li>Network b\u00e1sico: IP \/ MAC Address \/ Router \/ Impresoras<\/li>\n<li>Internet\/eMail: Browser \/ seguridad \/ virus \/ \u00e9tiqueta<\/li>\n<li>Zoom: conectividad \/ \u00e9tica \/ privacidad \/ periferales \/ funciones b\u00e1sicas<\/li>\n<li>Microsoft 365 b\u00e1sico: Outlook \/ Excel \/ Powerpoint \/ Notes<\/li>\n<li>Troubleshooting<\/li>\n<\/ul>\n<p>[\/vc_column_text][vc_single_image image=&#8221;8639&#8243; img_size=&#8221;large&#8221; alignment=&#8221;right&#8221;][\/vc_column][\/vc_row][vc_row css=&#8221;.vc_custom_1668103242945{margin-bottom: 25px !important;}&#8221;][vc_column][vc_custom_heading stripe_pos=&#8221;hide&#8221; stm_title_font_weight=&#8221;300&#8243; text=&#8221;Para el pago tienes dos opciones:&#8221; font_container=&#8221;tag:h2|font_size:36px|text_align:left|line_height:40px&#8221; use_theme_fonts=&#8221;yes&#8221;][\/vc_column][\/vc_row][vc_row equal_height=&#8221;yes&#8221; content_placement=&#8221;top&#8221;][vc_column width=&#8221;1\/2&#8243;][vc_column_text]<\/p>\n<ol>\n<li><strong>PRECIO BOOTCAMP PC\/MAC: <\/strong><strong>($495)<\/strong><strong>:<\/strong> S<span lang=\"ES\">i pagas la totalidad del curso recibes la Boleta de admisi\u00f3n y aseguras tu asiento. \u00a0As\u00ed ahorras $75 del plan de pago.\u00a0<\/span><\/li>\n<li><strong>PLAN DE PAGO <\/strong><strong>($570)<\/strong><strong>:<\/strong> Puedes separar asiento con $370 y luego hacer un pago a mitad de curso de $200. \u00a0Para el Plan de pago se requiere evidencia de\u00a0<b>DOS<\/b>\u00a0cuentas distintas como garant\u00eda.\u00a0Las mismas pueden ser: tarjeta de cr\u00e9dito (Visa, MC, AMEX) y\/o evidencia de cuenta de banco (estado de cuenta o cheque VOID).\u00a0Es importante que las garant\u00edas no sean de la misma cuenta. Por ejemplo, no podr\u00edas traer una ATH con logo VISA + Estado de Cuenta de esa misma ATH. Tendr\u00edan\u00a0que ser dos garant\u00edas de cuentas independientes y traer todo esto al momento\u00a0de llenar el\u00a0<b>contrato de plan de pago<\/b>. Este servicio del\u00a0Plan de Pago conlleva un cargo de $<span lang=\"EN-US\">75<\/span>\u00a0y ya est\u00e1 incluido en el primer pago.<\/li>\n<\/ol>\n<p>[\/vc_column_text][\/vc_column][vc_column width=&#8221;1\/2&#8243;][vc_column_text]<\/p>\n<h3 class=\"has-shade\"><strong><a title=\"Ofertas\" href=\"https:\/\/panamericanlanguage.com\/es\/ofertas\">Si est\u00e1s listo para Matricularte puedes entrar a nuestro<\/a><\/strong><\/h3>\n<h4 class=\"has-shade\"><a href=\"https:\/\/palishop.com\/\"><img loading=\"lazy\" decoding=\"async\" class=\"size-medium wp-image-7625 aligncenter\" src=\"https:\/\/panamericanlanguage.com\/wp-content\/uploads\/2023\/06\/PALISHOP-LOGO-300x300.jpg\" alt=\"\" width=\"300\" height=\"300\" srcset=\"https:\/\/panamericanlanguage.com\/wp-content\/uploads\/2023\/06\/PALISHOP-LOGO-300x300.jpg 300w, https:\/\/panamericanlanguage.com\/wp-content\/uploads\/2023\/06\/PALISHOP-LOGO-100x100.jpg 100w, https:\/\/panamericanlanguage.com\/wp-content\/uploads\/2023\/06\/PALISHOP-LOGO-600x600.jpg 600w, https:\/\/panamericanlanguage.com\/wp-content\/uploads\/2023\/06\/PALISHOP-LOGO-150x150.jpg 150w, https:\/\/panamericanlanguage.com\/wp-content\/uploads\/2023\/06\/PALISHOP-LOGO-768x768.jpg 768w, https:\/\/panamericanlanguage.com\/wp-content\/uploads\/2023\/06\/PALISHOP-LOGO-50x50.jpg 50w, https:\/\/panamericanlanguage.com\/wp-content\/uploads\/2023\/06\/PALISHOP-LOGO-320x320.jpg 320w, https:\/\/panamericanlanguage.com\/wp-content\/uploads\/2023\/06\/PALISHOP-LOGO-900x900.jpg 900w, https:\/\/panamericanlanguage.com\/wp-content\/uploads\/2023\/06\/PALISHOP-LOGO.jpg 1018w\" sizes=\"auto, (max-width: 300px) 100vw, 300px\" \/><\/a><\/h4>\n<h4 class=\"has-shade\">Todo estudiante que haya tomado cursos con PanAmerican Language recibe un descuento adicional de $95 por concepto de Registro. M\u00e1s info aqu\u00ed: <a href=\"https:\/\/panamericanlanguage.com\/es\/rematriculas\/\">REMATR\u00cdCULAS<\/a><\/h4>\n<p>[\/vc_column_text][\/vc_column][\/vc_row][\/vc_section][vc_section full_width=&#8221;stretch_row&#8221; css=&#8221;.vc_custom_1681760465816{margin-top: 0px !important;padding-top: 60px !important;padding-bottom: 50px !important;background-color: #ffffff !important;}&#8221;][vc_row css=&#8221;.vc_custom_1681760283879{background-color: #ffffff !important;}&#8221;][vc_column][vc_column_text]Tenemos centros en San Patricio y en Caguas. Adjunto el enlace con los mapas: <a href=\"https:\/\/panamericanlanguage.com\/es\/localidades\" target=\"_blank\" rel=\"noopener\">https:\/\/panamericanlanguage.com\/es\/localidades<\/a><\/p>\n<p>Si tiene alguna duda, pregunta o comentario en confianza puede contactarnos.<\/p>\n<h3><strong>\u00a1Esperamos escuchar de usted pronto!<\/strong><\/h3>\n<p>[\/vc_column_text][vc_single_image image=&#8221;7085&#8243; img_size=&#8221;800&#215;192&#8243; alignment=&#8221;center&#8221;][\/vc_column][\/vc_row][\/vc_section]<\/p>\n","protected":false},"excerpt":{"rendered":"<p>[vc_section full_width=&#8221;stretch_row&#8221; css=&#8221;.vc_custom_1701374033920{margin-top: 30px !important;padding-top: 50px !important;padding-bottom: 50px !important;background-color: #ffffff !important;}&#8221;][vc_row][vc_column][vc_custom_heading stripe_pos=&#8221;hide&#8221; stm_title_font_weight=&#8221;300&#8243; text=&#8221;PC \/ MAC Bootcamp para Verano 2024&#8243; font_container=&#8221;tag:h2|font_size:54px|text_align:center|line_height:54px&#8221; use_theme_fonts=&#8221;yes&#8221;][vc_column_text] \u00a1Gracias por tu inter\u00e9s en PanAmerican Language! [\/vc_column_text][\/vc_column][\/vc_row][vc_row full_width=&#8221;stretch_row&#8221; equal_height=&#8221;yes&#8221; content_placement=&#8221;top&#8221; css_animation=&#8221;slideInRight&#8221; css=&#8221;.vc_custom_1668100371793{background-image: url(https:\/\/panamericanlanguage.com\/wp-content\/uploads\/2022\/11\/PANAMARILANGLOGOgris.png?id=7165) !important;}&#8221;][vc_column width=&#8221;1\/2&#8243;][vc_column_text] Curso pr\u00e1ctico comenzando el 3 de junio para que puedas usar tu computadora como nunca antes.\u00a0 Podr\u00e1s<\/p>\n","protected":false},"author":2,"featured_media":0,"parent":0,"menu_order":0,"comment_status":"closed","ping_status":"closed","template":"","meta":{"footnotes":""},"class_list":["post-8621","page","type-page","status-publish","hentry"],"aioseo_notices":[],"_links":{"self":[{"href":"https:\/\/panamericanlanguage.com\/es\/wp-json\/wp\/v2\/pages\/8621","targetHints":{"allow":["GET"]}}],"collection":[{"href":"https:\/\/panamericanlanguage.com\/es\/wp-json\/wp\/v2\/pages"}],"about":[{"href":"https:\/\/panamericanlanguage.com\/es\/wp-json\/wp\/v2\/types\/page"}],"author":[{"embeddable":true,"href":"https:\/\/panamericanlanguage.com\/es\/wp-json\/wp\/v2\/users\/2"}],"replies":[{"embeddable":true,"href":"https:\/\/panamericanlanguage.com\/es\/wp-json\/wp\/v2\/comments?post=8621"}],"version-history":[{"count":18,"href":"https:\/\/panamericanlanguage.com\/es\/wp-json\/wp\/v2\/pages\/8621\/revisions"}],"predecessor-version":[{"id":8848,"href":"https:\/\/panamericanlanguage.com\/es\/wp-json\/wp\/v2\/pages\/8621\/revisions\/8848"}],"wp:attachment":[{"href":"https:\/\/panamericanlanguage.com\/es\/wp-json\/wp\/v2\/media?parent=8621"}],"curies":[{"name":"wp","href":"https:\/\/api.w.org\/{rel}","templated":true}]}}

<p>[vc_section full_width=&#8221;stretch_row&#8221; css=&#8221;.vc_custom_1701374033920{margin-top: 30px !important;padding-top: 50px !important;padding-bottom: 50px !important;background-color: #ffffff !important;}&#8221;][vc_row][vc_column][vc_custom_heading stripe_pos=&#8221;hide&#8221; stm_title_font_weight=&#8221;300&#8243; text=&#8221;PC / MAC Bootcamp para Verano 2024&#8243; font_container=&#8221;tag:h2|font_size:54px|text_align:center|line_height:54px&#8221; use_theme_fonts=&#8221;yes&#8221;][vc_column_text]</p>
<h3 style="text-align: center;"><strong>¡Gracias por tu interés en PanAmerican Language!</strong></h3>
<p>[/vc_column_text][/vc_column][/vc_row][vc_row full_width=&#8221;stretch_row&#8221; equal_height=&#8221;yes&#8221; content_placement=&#8221;top&#8221; css_animation=&#8221;slideInRight&#8221; css=&#8221;.vc_custom_1668100371793{background-image: url(https://panamericanlanguage.com/wp-content/uploads/2022/11/PANAMARILANGLOGOgris.png?id=7165) !important;}&#8221;][vc_column width=&#8221;1/2&#8243;][vc_column_text]</p>
<p style="font-weight: 400;">Curso práctico <strong><em>comenzando el 3 de junio</em></strong> para que puedas usar tu computadora como nunca antes.  Podrás maximizar todas las funciones de tu PC o MAC en solo varias semanas.  Obtendrás las destrezas, la seguridad y la confianza para utilizar el sistema operativo, funciones más comunes y aplicaciones más populares. Podrás resolver los problemas más comunes de tu computadora.</p>
<p style="font-weight: 400;"><strong>¡No pidas más ayuda!</strong></p>
<p>Nuestros próximo PC/MAC Bootcamp está pautado para comenzar en <strong>VERANO 2024 </strong><strong>de manera presencial. </strong><strong><em> </em></strong>A continuación encontrarás el detalle de las fechas de comienzo, fechas de terminación, días y horario.</p>
<p style="font-weight: 400;"><strong><u>Lunes y Miércoles (MAC)</u></strong></p>
<p style="font-weight: 400;"><strong>3 de junio &#8211; 24 de julio</strong><u><br />
</u>5:30pm – 7pm o 7:10pm – 8:40pm</p>
<p><strong><u>Martes y Jueves (PC)</u></strong></p>
<p style="font-weight: 400;"><strong>4 de junio – 30 de julio</strong></p>
<p style="font-weight: 400;">5:30pm – 7pm o 7:10pm – 8:40pm</p>
<p>[/vc_column_text][vc_single_image image=&#8221;8643&#8243; img_size=&#8221;large&#8221; alignment=&#8221;center&#8221;][/vc_column][vc_column width=&#8221;1/2&#8243;][vc_column_text]El curso tendrá parte teórica y parte practica. El participante no tendrá que traer computadora (PC o MAC) pero podrá traerla si así lo desea.</p>
<p>Los temas más importante a cubrir serán:</p>
<ul>
<li>Hardware: Monitor, Mouse o Trackpad / Keyboard / USB-C</li>
<li>iCloud: Como funciona la nube / como subscribirte / funciones / ventajas</li>
<li>Sistema Operativo: Desktop / Gestures / Shortcuts / actualizaciones (Updates)</li>
<li>Conexiones: Internet / WiFi / Bluetooth</li>
<li>Redes Sociales: Seguridad / robo identidad / privacidad / mensajería</li>
<li>Network básico: IP / MAC Address / Router / Impresoras</li>
<li>Internet/eMail: Browser / seguridad / virus / étiqueta</li>
<li>Zoom: conectividad / ética / privacidad / periferales / funciones básicas</li>
<li>Microsoft 365 básico: Outlook / Excel / Powerpoint / Notes</li>
<li>Troubleshooting</li>
</ul>
<p>[/vc_column_text][vc_single_image image=&#8221;8639&#8243; img_size=&#8221;large&#8221; alignment=&#8221;right&#8221;][/vc_column][/vc_row][vc_row css=&#8221;.vc_custom_1668103242945{margin-bottom: 25px !important;}&#8221;][vc_column][vc_custom_heading stripe_pos=&#8221;hide&#8221; stm_title_font_weight=&#8221;300&#8243; text=&#8221;Para el pago tienes dos opciones:&#8221; font_container=&#8221;tag:h2|font_size:36px|text_align:left|line_height:40px&#8221; use_theme_fonts=&#8221;yes&#8221;][/vc_column][/vc_row][vc_row equal_height=&#8221;yes&#8221; content_placement=&#8221;top&#8221;][vc_column width=&#8221;1/2&#8243;][vc_column_text]</p>
<ol>
<li><strong>PRECIO BOOTCAMP PC/MAC: </strong><strong>($495)</strong><strong>:</strong> S<span lang="ES">i pagas la totalidad del curso recibes la Boleta de admisión y aseguras tu asiento.  Así ahorras $75 del plan de pago. </span></li>
<li><strong>PLAN DE PAGO </strong><strong>($570)</strong><strong>:</strong> Puedes separar asiento con $370 y luego hacer un pago a mitad de curso de $200.  Para el Plan de pago se requiere evidencia de <b>DOS</b> cuentas distintas como garantía. Las mismas pueden ser: tarjeta de crédito (Visa, MC, AMEX) y/o evidencia de cuenta de banco (estado de cuenta o cheque VOID). Es importante que las garantías no sean de la misma cuenta. Por ejemplo, no podrías traer una ATH con logo VISA + Estado de Cuenta de esa misma ATH. Tendrían que ser dos garantías de cuentas independientes y traer todo esto al momento de llenar el <b>contrato de plan de pago</b>. Este servicio del Plan de Pago conlleva un cargo de $<span lang="EN-US">75</span> y ya está incluido en el primer pago.</li>
</ol>
<p>[/vc_column_text][/vc_column][vc_column width=&#8221;1/2&#8243;][vc_column_text]</p>
<h3 class="has-shade"><strong><a title="Ofertas" href="https://panamericanlanguage.com/es/ofertas">Si estás listo para Matricularte puedes entrar a nuestro</a></strong></h3>
<h4 class="has-shade"><a href="https://palishop.com/"><img loading="lazy" decoding="async" class="size-medium wp-image-7625 aligncenter" src="https://panamericanlanguage.com/wp-content/uploads/2023/06/PALISHOP-LOGO-300x300.jpg" alt="" width="300" height="300" srcset="https://panamericanlanguage.com/wp-content/uploads/2023/06/PALISHOP-LOGO-300x300.jpg 300w, https://panamericanlanguage.com/wp-content/uploads/2023/06/PALISHOP-LOGO-100x100.jpg 100w, https://panamericanlanguage.com/wp-content/uploads/2023/06/PALISHOP-LOGO-600x600.jpg 600w, https://panamericanlanguage.com/wp-content/uploads/2023/06/PALISHOP-LOGO-150x150.jpg 150w, https://panamericanlanguage.com/wp-content/uploads/2023/06/PALISHOP-LOGO-768x768.jpg 768w, https://panamericanlanguage.com/wp-content/uploads/2023/06/PALISHOP-LOGO-50x50.jpg 50w, https://panamericanlanguage.com/wp-content/uploads/2023/06/PALISHOP-LOGO-320x320.jpg 320w, https://panamericanlanguage.com/wp-content/uploads/2023/06/PALISHOP-LOGO-900x900.jpg 900w, https://panamericanlanguage.com/wp-content/uploads/2023/06/PALISHOP-LOGO.jpg 1018w" sizes="auto, (max-width: 300px) 100vw, 300px" /></a></h4>
<h4 class="has-shade">Todo estudiante que haya tomado cursos con PanAmerican Language recibe un descuento adicional de $95 por concepto de Registro. Más info aquí: <a href="https://panamericanlanguage.com/es/rematriculas/">REMATRÍCULAS</a></h4>
<p>[/vc_column_text][/vc_column][/vc_row][/vc_section][vc_section full_width=&#8221;stretch_row&#8221; css=&#8221;.vc_custom_1681760465816{margin-top: 0px !important;padding-top: 60px !important;padding-bottom: 50px !important;background-color: #ffffff !important;}&#8221;][vc_row css=&#8221;.vc_custom_1681760283879{background-color: #ffffff !important;}&#8221;][vc_column][vc_column_text]Tenemos centros en San Patricio y en Caguas. Adjunto el enlace con los mapas: <a href="https://panamericanlanguage.com/es/localidades" target="_blank" rel="noopener">https://panamericanlanguage.com/es/localidades</a></p>
<p>Si tiene alguna duda, pregunta o comentario en confianza puede contactarnos.</p>
<h3><strong>¡Esperamos escuchar de usted pronto!</strong></h3>
<p>[/vc_column_text][vc_single_image image=&#8221;7085&#8243; img_size=&#8221;800&#215;192&#8243; alignment=&#8221;center&#8221;][/vc_column][/vc_row][/vc_section]</p>

<p>[vc_section full_width=&#8221;stretch_row&#8221; css=&#8221;.vc_custom_1701374033920{margin-top: 30px !important;padding-top: 50px !important;padding-bottom: 50px !important;background-color: #ffffff !important;}&#8221;][vc_row][vc_column][vc_custom_heading stripe_pos=&#8221;hide&#8221; stm_title_font_weight=&#8221;300&#8243; text=&#8221;PC / MAC Bootcamp para Verano 2024&#8243; font_container=&#8221;tag:h2|font_size:54px|text_align:center|line_height:54px&#8221; use_theme_fonts=&#8221;yes&#8221;][vc_column_text] ¡Gracias por tu interés en PanAmerican Language! [/vc_column_text][/vc_column][/vc_row][vc_row full_width=&#8221;stretch_row&#8221; equal_height=&#8221;yes&#8221; content_placement=&#8221;top&#8221; css_animation=&#8221;slideInRight&#8221; css=&#8221;.vc_custom_1668100371793{background-image: url(https://panamericanlanguage.com/wp-content/uploads/2022/11/PANAMARILANGLOGOgris.png?id=7165) !important;}&#8221;][vc_column width=&#8221;1/2&#8243;][vc_column_text] Curso práctico comenzando el 3 de junio para que puedas usar tu computadora como nunca antes.  Podrás</p>
